18
Calculate the greatest common factor of 413187 and 2967.
129
What is the highest common divisor of 3781 and 13333?
199
What is the highest common divisor of 43920 and 1152?
144
What is the highest common divisor of 108 and 22383?
27
What is the greatest common divisor of 195 and 2496?
39
Calculate the highest common factor of 375701 and 314.
157
What is the highest common divisor of 122 and 402173?
61
What is the greatest common factor of 2 and 67581?
1
What is the greatest common divisor of 9320 and 81550?
2330
What is the greatest common divisor of 8505 and 22815?
135
What is the greatest common factor of 681 and 22019?
227
Calculate the greatest common divisor of 242592 and 648.
24
What is the greatest common factor of 9450 and 307300?
350
What is the highest common factor of 5822 and 19312?
142
Calculate the greatest common factor of 38364 and 552.
276
Calculate the greatest common divisor of 989 and 11344819.
989
What is the greatest common factor of 485680 and 5200?
1040
Calculate the greatest common divisor of 45 and 1681080.
15
Calculate the highest common divisor of 43028 and 248.
124
Calculate the greatest common divisor of 1332 and 57868.
148
Calculate the highest common divisor of 775829 and 17.
17
What is the highest common divisor of 612 and 68850?
306
What is the highest common factor of 17920 and 16632?
56
What is the greatest common divisor of 41046 and 30?
6
What is the highest common divisor of 43455 and 30?
15
What is the highest common divisor of 9128 and 7000?
56
Calculate the highest common divisor of 1104 and 23322.
138
Calculate the greatest common divisor of 4653 and 207.
9
Calculate the greatest common factor of 357470 and 25.
5
What is the greatest common divisor of 66 and 18660?
6
Calculate the greatest common factor of 1870 and 23210.
110
What is the greatest common factor of 1292 and 692?
4
What is the highest common factor of 418800 and 75?
75
What is the highest common factor of 1206 and 12328?
134
What is the highest common divisor of 228 and 50255?
19
Calculate the greatest common factor of 3374 and 40006.
482
Calculate the highest common factor of 90 and 40005.
45
What is the greatest common factor of 1285407 and 684?
171
Calculate the highest common factor of 6583 and 551.
29
Calculate the highest common divisor of 525 and 140721.
21
What is the highest common factor of 599808 and 2508?
132
What is the highest common divisor of 200 and 29300?
100
Calculate the highest common factor of 7680 and 24.
24
Calculate the highest common divisor of 192 and 6576.
48
What is the greatest common divisor of 40782 and 2562?
42
Calculate the highest common factor of 36 and 1887642.
18
What is the highest common factor of 624192 and 1536?
192
What is the greatest common divisor of 125869 and 1528?
191
Calculate the greatest common factor of 35360 and 51.
17
What is the greatest common factor of 68100 and 6?
6
What is the highest common factor of 44 and 4442240?
44
What is the greatest common factor of 1708 and 1220?
244
Calculate the highest common divisor of 18 and 2998.
2
Calculate the highest common factor of 18 and 115056.
18
What is the greatest common divisor of 210 and 132405?
105
What is the highest common factor of 23569 and 71981?
637
What is the highest common divisor of 1735 and 113?
1
What is the greatest common divisor of 122 and 25681?
61
Calculate the greatest common factor of 28184 and 104.
104
Calculate the greatest common factor of 24472 and 532.
532
Calculate the highest common factor of 23171 and 87.
29
What is the highest common divisor of 97255 and 1468?
367
Calculate the greatest common factor of 588552 and 17536.
1096
Calculate the greatest common divisor of 2607 and 9130.
11
Calculate the highest common divisor of 6 and 204627.
3
What is the highest common divisor of 46267 and 13?
13
Calculate the greatest common factor of 27636 and 376.
188
What is the greatest common divisor of 1966 and 5?
1
Calculate the greatest common divisor of 75 and 22035.
15
What is the greatest common divisor of 30 and 633210?
30
Calculate the highest common factor of 43 and 559.
43
Calculate the greatest common factor of 2300 and 52600.
100
What is the highest common factor of 30 and 39630?
30
What is the greatest common factor of 61740 and 3444?
84
Calculate the greatest common divisor of 16005 and 660.
165
What is the highest common factor of 70343 and 4095?
91
What is the greatest common factor of 1431 and 297807?
159
What is the highest common factor of 999 and 129685?
37
Calculate the highest common factor of 166 and 509122.
166
What is the greatest common factor of 7 and 172543?
7
Calculate the highest common factor of 61690 and 15190.
310
What is the highest common divisor of 9361 and 45177?
407
Calculate the highest common factor of 23828 and 56980.
1036
Calculate the greatest common divisor of 25009 and 3091.
281
Calculate the greatest common divisor of 394109 and 687.
229
Calculate the greatest common factor of 32766 and 4386.
258
What is the highest common factor of 10667010 and 258?
258
Calculate the highest common divisor of 311 and 757907.
311
What is the greatest common factor of 68731 and 3315?
221
What is the highest common factor of 173143 and 206?
103
Calculate the highest common factor of 196 and 3044.
4
Calculate the highest common factor of 4413 and 33.
3
Calculate the highest common factor of 92976 and 14352.
624
What is the greatest common factor of 218085 and 186?
93
What is the greatest common divisor of 470 and 1963190?
470
What is the greatest common factor of 3370532 and 55?
11
What is the highest common divisor of 9340 and 180?
20
What is the greatest common factor of 8448 and 4818?
66
Calculate the greatest common divisor of 844219 and 602.
43
Calculate the highest common factor of 98268 and 1083.
57
What is the highest common factor of 665444 and 416?
52
Calculate the highest common divisor of 1104 and 51152.
368
Calculate the highest common factor of 822 and 402.
6
What is the greatest common divisor of 2990 and 230?
230
Calculate the highest common divisor of 1750 and 300.
50
Calculate the greatest common divisor of 67732 and 14596.
164
Calculate the greatest common divisor of 1394 and 89749.
41
What is the highest common divisor of 43968 and 3435?
687
Calculate the greatest common factor of 63 and 40110.
21
What is the greatest common factor of 611545 and 55?
55
Calculate the greatest common factor of 236849 and 2151.
239
What is the greatest common divisor of 667398 and 697?
41
Calculate the highest common factor of 69846 and 21.
21
Calculate the highest common factor of 12 and 192756.
12
What is the highest common divisor of 68619 and 1028?
257
What is the highest common divisor of 728 and 20888?
56
What is the greatest common divisor of 113373 and 14391?
351
Calculate the highest common divisor of 519022 and 283.
283
Calculate the greatest common factor of 83528 and 1.
1
What is the greatest common factor of 1872 and 17208?
72
What is the greatest common divisor of 80920 and 833?
119
What is the greatest common factor of 17050 and 1584?
22
What is the highest common divisor of 776 and 90598?
194
Calculate the greatest common factor of 52955 and 267.
89
Calculate the highest common divisor of 429 and 793.
13
Calculate the highest common divisor of 2872224 and 288.
288
Calculate the greatest common factor of 1720 and 376.
8
What is the highest common factor of 8528 and 47437?
533
What is the highest common factor of 7464 and 114?
6
What is the highest common factor of 20601 and 5124?
21
Calculate the greatest common divisor of 55 and 403854.
11
Calculate the highest common divisor of 410 and 255225.
205
Calculate the greatest common factor of 12097847 and 47.
47
What is the highest common divisor of 104 and 142207?
13
What is the highest common factor of 142 and 39973?
71
Calculate the highest common divisor of 64 and 297872.
16
Calculate the highest common divisor of 22 and 108526.
22
What is the greatest common factor of 10759 and 1484?
371
What is the greatest common divisor of 51 and 117793?
17
Calculate the greatest common divisor of 18648 and 294.
42
What is the greatest common factor of 1378020 and 2040?
1020
Calculate the highest common factor of 1135620 and 8910.
810
